 11*z**2 - 51*z**2 + 8*z**2 - 11*z - 15 - z**3 + 23*z**2. Let k be ((-1)/2)/(1/16). What is b(k)?
9
Let k = 18 + -36. Let m = k + 16. Let g(p) = 0*p - 3 + 2*p + 57*p**2 - 58*p**2 - 4*p. Determine g(m).
-3
Suppose -y - 3*y = 4*a - 28, 3*a - 21 = -4*y. Let m(c) = -39*c**2 - 47*c - 88. Let f(r) = -32*r**2 - 38*r - 71. Let p(k) = -11*f(k) + 9*m(k). What is p(a)?
3
Suppose 0 = -0*r + 4*r + a + 41, -4*r - 44 = 4*a. Let u(w) be the first derivative of w**4/4 + 10*w**3/3 - 3*w**2/2 - 14*w + 1612. Determine u(r).
16
Let a(p) be the third derivative of 1/4*p**4 - 1/60*p**5 + 0*p + 23*p**2 + 4/3*p**3 + 0. Determine a(8).
-8
Let z(n) = 2. Let i(l) = -l**2 - 7*l + 13. Let t = 107 + -105. Let q(h) = t*z(h) - i(h). Give q(-9).
9
Suppose 8*w - 34 + 10 = 0. Let p be (5 - -3) + (6 - w). Let n(b) = 1 + 242*b - 2 + b**2 - 241*b - p*b**3. Determine n(1).
-10
Let p be -4*12/(-64) - (-183)/12. Let j(v) = 2*v - 35. Let h be j(p). Let b(n) = -3 - n**2 + 4*n**2 - 2*n**2 + 6*n. What is b(h)?
-12
Let u(w) = -13215*w**3 - 7*w + 9*w**2 - 13223*w**3 + 10 + 26437*w**3. What is u(8)?
18
Suppose 5*d - 21 = -4*q, 4*d + 127 = -q + 135. Let w(h) be the third derivative of h**6/20 - h**5/30 + h**4/12 - h**3/6 + 2*h**2. Determine w(d).
5
Let x(s) = -4*s + 10. Let m(o) = -3*o + 8. Suppose 28*d - 40 = 20*d. Let b(i) = d*m(i) - 4*x(i). Let w = -13 + 19. What is b(w)?
6
Suppose 0 = 2*b - 16, 0 = 2*d + 2*b + 484 - 512. Let o(p) = -2*p**2 - 2*p + 30. Determine o(d).
-54
Let v(a) = -a**3 + 22*a**2 - 35*a - 25. Let y be v(20). Let c = y - 83. Let t(w) = -w**3 - 9*w**2 - 6*w - 11. What is t(c)?
-27
Let c(u) = 26*u**3 - 13*u**2 - 5*u + 50. Let r(k) = 31*k**3 - 12*k**2 - 6*k + 58. Let p(y) = -6*c(y) + 5*r(y). Give p(18).
-10
Suppose -22*z = -32*z - 180. Let g be -2 - (-5)/((-30)/z). Let n(d) = 6*d**2. Calculate n(g).
6
Let c(u) = -3*u - 55. Let k be 127/(-9) - 31/(-279). What is c(k)?
-13
Let u(l) = 19*l + 7788*l**3 + 6*l**2 - 15 - 13*l - 7787*l**3. Give u(-4).
-7
Let c(d) = -16 - d**2 - 3*d**2 + 1306*d**3 + 4 - 11*d - 4*d**2 - 1307*d**3. What is c(-6)?
-18
Let l(t) = 2*t + 4. Let a(m) = 2*m + 4. Let o(k) = 4*a(k) - 5*l(k). Let r(s) = -s**3 - 41*s**2 - 80*s - 82. Let j be r(-39). Determine o(j).
4
Let y(f) = -6*f + 41. Let m be y(6). Suppose -m*l - 4*p - 28 = -l, 4*l + 5*p = -30. Let n(o) = o**3 + 5*o**2 + 2*o + 11. Determine n(l).
1
Let o(m) = 10*m + 91. Suppose 0 = 3*d - 27*d - 240. Let w be o(d). Let g(b) = -b**2 - 9*b - 1. Calculate g(w).
-1
Let n(j) = 6*j**3 - 1 + 26*j + 0*j - 8 - 5*j**3 + 15*j**2 - 11*j. Calculate n(-14).
-23
Let a(o) be the first derivative of o**4/2 - 7*o**3/3 + o**2/2 - 5*o + 972. What is a(3)?
-11
Let x be 47/3 - (1 + 28/(-21)). Let b(o) = x + 2*o**2 + 4*o**2 - 20 - 4*o**2 + 2*o. What is b(3)?
20
Let d(z) = -7*z - 6. Let s = 467 - 409. Suppose 51*b = s*b + 28. Give d(b).
22
Let n(d) = -23*d**3 + 8 + 22*d**3 - 77*d**2 + 72*d**2. Calculate n(-5).
8
Suppose 30*s + 13759 = 14089. Let p(z) = -z**2 + 14*z - 27. What is p(s)?
6
Let j(w) = -2*w**2 - 9*w + 15. Let a be -279 - -278 - (-4 + 1). Give j(a).
-11
Let z(c) = -1777*c + 8 + 885*c + 893*c. Let r = 17 - 30. What is z(r)?
-5
Let s(w) = 12*w. Let v be (-4)/(-34)*(-527)/(-62). Give s(v).
12
Let w(g) = 3*g + 119 - g - 8*g + 8*g - 13*g. Let p be w(11). Let q(t) = -4*t**2 + 2. What is q(p)?
-14
Let m(x) = -3*x - 14. Let i(r) = r**2 - 3*r + 1. Let n(u) = 4*u**2 - 14*u - 75. Let f(j) = 3*i(j) - n(j). Let l be f(-7). Determine m(l).
4
Let k(a) be the first derivative of -a**3 - 45*a**2/2 - 15*a - 13125. Calculate k(-15).
-15
Let z(s) be the first derivative of -s**4/4 + 2*s**3 - s**2/2 + 6*s + 27. Suppose 0 = -5*i + 10, 4*i = 5*b - i - 670. Let l = 142 - b. What is z(l)?
0
Let w(h) = 3*h + 3 - 11*h + 17*h + 3. Let p(z) = -4*z - 4*z - 5 + 0*z + 0*z. Let k(g) = -4*p(g) - 3*w(g). Determine k(-4).
-18
Let c(q) be the first derivative of q**4/4 - 10*q**3/3 + 13*q**2/2 - 39*q - 6434. Give c(9).
-3
Let i = 184 - 180. Let j(z) = 1 - 3 - 4*z - 2 + z**2 - i. Calculate j(5).
-3
Let c(b) = -9 + 12 + 7396*b - 7391*b + 3. Let h(o) = o. Let t be h(3). Suppose -t*p = 2*p + 25. What is c(p)?
-19
Let s(o) = -3*o - 112. Let y be s(-38). Suppose y*t - 5*w = 3*t - 23, 2*t - 16 = -4*w. Let z(n) = n**3 - 3*n - 1. Determine z(t).
-3
Let p = 628 + -633. Let m(d) be the first derivative of 1/3*d**3 + 2*d**2 - 3*d + 5. Determine m(p).
2
Let q = 5 + -9. Suppose 2*h - 8 = -2*d, -2*h + 0*h - 10 = -4*d. Let a(s) = 6 - 3 + 4*s + 3 - d*s**2 + 5*s**2. Calculate a(q).
22
Suppose 3*k - 307 = -5*h, h = k - 3*h - 108. Let y = k + -94. Let f(d) = 3 + 16*d - y*d - 2*d. Calculate f(6).
27
Let k(f) = -f + 10. Let a(b) = -2*b + 20. Suppose 15*g = 8*g + 9*g. Let s be (-20)/15*(6/(-4) + g). Let j(u) = s*a(u) - 5*k(u). Calculate j(0).
-10
Let w(j) = 534*j + 3755. Let o be w(-7). Let g(b) = 6*b - 95. What is g(o)?
7
Suppose 5*z - q = 11, 4*z + 47 = -3*q + 33. Let w(l) = 20*l + 2. Give w(z).
22
Let q(j) = j**3 - 7*j**2 + 8*j - 3. Suppose -3*h + 347 = 134. Let v be 184/23 - 1*74. Let s = h + v. What is q(s)?
-13
Let p = 4482 - 4473. Let l(b) = b**3 - 10*b**2 + 13*b - 17. What is l(p)?
19
Let h(v) be the third derivative of -v**6/120 - 3*v**5/20 + 3*v**4/8 + v**3 + 2185*v**2. What is h(-9)?
-75
Let u(q) be the first derivative of -3*q**2 - 2*q - 1181. Calculate u(6).
-38
Let g be (6 + (-51)/9)/((-2)/(-18)). Let v(c) = -g - 12 - 1582*c + 3 + 1584*c. Calculate v(5).
-2
Let z(l) = -6*l + 164. Let o be z(27). Let b(q) = -q**2 + 4*q. What is b(o)?
4
Let v(l) be the second derivative of 23*l**6/720 + 23*l**4/6 + l**2 + 5*l + 5. Let w(j) be the third derivative of v(j). Calculate w(-1).
-23
Let h(i) = 3*i**3 - 68*i**2 + 159*i + 23. Let a be h(20). Let z(r) be the third derivative of -1/6*r**3 + 0*r + 0 + 1/30*r**5 - 1/6*r**4 + r**2. What is z(a)?
5
Let d(y) be the second derivative of 5*y**3/3 - 5*y**2 + 483*y. Calculate d(3).
20
Suppose 0 = -450*k + 445*k - 3*r + 35, 3*r = -2*k + 23. Let n(l) = -2*l**3 + 3*l**2 + l - 13. Calculate n(k).
-89
Let w(d) = -9*d - 2. Let s(n) = 42*n + 19. Let x be s(3). Let v = x + -148. Give w(v).
25
Let d(l) be the first derivative of -9*l**2/2 + 51*l - 3794. Calculate d(5).
6
Suppose 8*c + 312 = -5*r + 12*c, r + 69 = 3*c. Let g = -46 - r. Suppose 6*d + g = -22. Let h(x) = -x**2 - 9*x - 4. What is h(d)?
14
Let p(k) be the third derivative of -5*k**4/12 + 13*k**3/6 - k**2 - 16*k. Determine p(4).
-27
Let g(p) = p**2 - 66*p + 679. Let b be g(13). Let r(v) = 6*v + 58. What is r(b)?
-2
Suppose -5*b + v + 404 = 0, -2*b + v + 107 = -57. Let t be (1/(-2))/((-10)/b). Let a(d) = -7 + 4*d + t*d - 7*d + 21. Give a(-7).
7
Let d(u) = 83*u + 50. Let c be d(-3). Let v = c + 197. Let q(f) = 2*f**3 + 3*f**2 - 2. Calculate q(v).
-6
Let z(k) = 57*k - 43. Let n(d) = -176*d + 129. Let x(l) = 2*n(l) + 7*z(l). Calculate x(1).
4
Let x(t) = t**2 - 8*t + 7. Let r = -3887 + 3893. What is x(r)?
-5
Let h = -48 - -40. Let a(k) = 8*k**3 - 7*k**2 - 6*k - 6. Let u(x) = x**3 - 2*x - 1. Let p(m) = -a(m) + 9*u(m). What is p(h)?
29
Suppose -26*h = -33*h + 112. Let m(j) = -7*j**2 - 17*j + j**3 + h*j + 6*j**2. Give m(2).
2
Let u = -3 - -1. Suppose -6 = -5*i + 4. Let k(a) = 1 + 2*a + 0*a + 3*a**2 + 0*a - 3*a**i - 2*a**2. Give k(u).
-11
Let f be 15 + (-2)/6 + (-220)/33. Let c(h) = 9*h - 9. Give c(f).
63
Let d(x) be the third derivative of x**5/30 - x**4/3 + 11*x**3/6 + 570*x**2. Determine d(3).
5
Suppose 4 = -2*u - 0*u. Let n = u + -4. Let t(c) = -58 + 11 - c + 47. What is t(n)?
6
Let a be (147/(-98))/((-6)/20). Let b(t) = -2 + 141*t - 285*t + 143*t + 1 + a. Determine b(3).
1
Let k(g) = 108*g + 544. Let r be k(-5). Let u(i) = 38*i - 150. Give u(r).
2
Let i be (-1 - 22/14)/((-906)/(-8456)). Let k(n) = n**3 + 25*n**2 + 28*n + 92. Calculate k(i).
-4
Let j(a) = 6*a + 6. Let y(b) = -9*b - 29. Let q(o) = 6*j(o) + y(o). Give q(-4).
-101
Let g be -1 + 3 + (2 - -2). Suppose 10*p - g*p - 144 = 0. Let k(h) = 43 + 5*h - p - 2*h. Calculate k(-6).
-11
Let n(t) = -t**2 - 20*t + 25. Let j be n(-21). Let q(w) be the second derivative of 1/6*w**4 - 2*w**2 - 1/2*w**3 + 26*w + 0. Determine q(j).
16
Let d(c) = c + 1. Let h(t) = -8*t - 40. Let k be h(13). Let m = k - -143. Determine d(m).
0
Let p = 307 - 633. Let v = p + 332. Let t(c) = c**3 - 6*c**2 - c + 1. Determine t(v).
-5
Suppose -328*s - 7314 = -1473*s -